{"id":87,"date":"2023-02-27T19:39:54","date_gmt":"2023-02-27T19:39:54","guid":{"rendered":"https:\/\/ecoaseo360.com\/?page_id=87"},"modified":"2024-09-15T17:01:35","modified_gmt":"2024-09-15T17:01:35","slug":"servicios","status":"publish","type":"page","link":"https:\/\/ecoaseo360.com\/index.php\/servicios\/","title":{"rendered":"SERVICIOS"},"content":{"rendered":"<section class=\"wpb-content-wrapper\"><p>[vc_row][vc_column width=&#8221;1\/2&#8243;]<div class=\"grve-element grve-image grve-animated-item grve-fadeInUp grve-align-center\" style=\"\" data-delay=\"200\"><img width=\"570\" height=\"411\" src=\"https:\/\/ecoaseo360.com\/wp-content\/uploads\/2024\/01\/ECOASEO-MEDELLIN-EVENTOS-DE-CIUDAD.jpg\" class=\"attachment-full size-full\" alt=\"\" decoding=\"async\" loading=\"lazy\" srcset=\"https:\/\/ecoaseo360.com\/wp-content\/uploads\/2024\/01\/ECOASEO-MEDELLIN-EVENTOS-DE-CIUDAD.jpg 1x,https:\/\/ecoaseo360.com\/wp-content\/uploads\/2024\/01\/ECOASEO-MEDELLIN-EVENTOS-DE-CIUDAD.jpg 2x\" \/><\/div>[\/vc_column][vc_column width=&#8221;1\/2&#8243;][vc_column_text]<\/p>\n<p style=\"text-align: justify;\">Eco Aseo 360 empresa dedicada a la comercializaci\u00f3n de servicios de limpieza.<\/p>\n<p style=\"text-align: justify;\">La limpieza es fundamental en cualquier espacio de nuestro diario vivir, por este motivo fue creada Eco Aseo 360, para atender a nichos de mercado como; eventos de gran y peque\u00f1o formato, oficinas, viviendas entre otros.<\/p>\n<p style=\"text-align: justify;\">Esta actividad se vio como una gran oportunidad empresarial, adem\u00e1s de contribuir al cuidado del medio ambiente, a la salud y el bienestar de los espectadores, empresarios y dem\u00e1s personas del actuar de una vida cotidiana.<\/p>\n<p style=\"text-align: justify;\">El aseo y la higiene son parte esenciales para garantizar la calidad de una habiente sano, desinfectado y descontaminado, en eventos, oficinas, y dem\u00e1s lugares que requieran limpieza \u00a0\u00a0pueda tener un sano desarrollo econ\u00f3mico.<\/p>\n<p>[\/vc_column_text][\/vc_column][\/vc_row][vc_row bg_type=&#8221;image&#8221;][vc_column][vc_empty_space height=&#8221;52px&#8221;][\/vc_column][\/vc_row][vc_row section_type=&#8221;fullwidth-element&#8221; header_feature=&#8221;yes&#8221;][vc_column]<h3 class=\"grve-element grve-align-center grve-title-no-line grve-h3\" style=\"\"><span>NUESTROS SERVICIOS<\/span><\/h3>[\/vc_column][\/vc_row][vc_row][vc_column width=&#8221;1\/4&#8243;]<div class=\"grve-element grve-box-icon grve-align-center\" style=\"\">  <div class=\"grve-icon grve-medium grve-simple grve-no-shape grve-color-primary-1 entypo-icon entypo-icon-users\"><\/div>  <div class=\"grve-box-content\"><h5 class=\"grve-box-title\"><span>EVENTOS MASIVOS<\/span><\/h5>    <p class=\"\">La mejor log\u00edstica de aseo y limpieza<br \/>\nen eventos masivos<\/p>  <\/div><\/div>[\/vc_column][vc_column width=&#8221;1\/4&#8243;]<div class=\"grve-element grve-box-icon grve-align-center\" style=\"\">  <div class=\"grve-icon grve-medium grve-simple grve-no-shape grve-color-primary-1 entypo-icon entypo-icon-archive\"><\/div>  <div class=\"grve-box-content\"><h5 class=\"grve-box-title\"><span>OFICINAS<\/span><\/h5>    <p class=\"\">Servicio integral para oficinas cumpliendo<br \/>\nlos protocolos de bioseguridad <\/p>  <\/div><\/div>[\/vc_column][vc_column width=&#8221;1\/4&#8243;]<div class=\"grve-element grve-box-icon grve-align-center\" style=\"\">  <div class=\"grve-icon grve-medium grve-simple grve-no-shape grve-color-primary-1 entypo-icon entypo-icon-home\"><\/div>  <div class=\"grve-box-content\"><h5 class=\"grve-box-title\"><span>VIVIENDAS<\/span><\/h5>    <p class=\"\">Aseo especializado y duradero<br \/>\nen cada rinc\u00f3n de casa o apartamento<\/p>  <\/div><\/div>[\/vc_column][vc_column width=&#8221;1\/4&#8243;]<div class=\"grve-element grve-box-icon grve-align-center\" style=\"\">  <div class=\"grve-icon grve-medium grve-simple grve-no-shape grve-color-primary-1 fa fa-building\"><\/div>  <div class=\"grve-box-content\"><h5 class=\"grve-box-title\"><span>UNIDADES RESIDENCIALES | P.H<\/span><\/h5>    <p class=\"\">Log\u00edstica Impecable y profesional<br \/>\npara conjuntos o edificios residenciales<\/p>  <\/div><\/div>[\/vc_column][\/vc_row][vc_row][vc_column width=&#8221;1\/4&#8243;]<div class=\"grve-element grve-box-icon grve-align-center\" style=\"\">  <div class=\"grve-icon grve-medium grve-simple grve-no-shape grve-color-primary-1 entypo-icon entypo-icon-trash\"><\/div>  <div class=\"grve-box-content\"><h5 class=\"grve-box-title\"><span>RECOLECCI\u00d3N<\/span><\/h5>    <p class=\"\">Recolectamos residuos de manera r\u00e1pida<br \/>\ny eficientemente para su tranquilidad <\/p>  <\/div><\/div>[\/vc_column][vc_column width=&#8221;1\/4&#8243;]<div class=\"grve-element grve-box-icon grve-align-center\" style=\"\">  <div class=\"grve-icon grve-medium grve-simple grve-no-shape grve-color-primary-1 entypo-icon entypo-icon-arrows-ccw\"><\/div>  <div class=\"grve-box-content\"><h5 class=\"grve-box-title\"><span>SEPARACI\u00d3N DE RESIDUOS<\/span><\/h5>    <p class=\"\">Prestamos este servicio que impacta<br \/>\ndirectamente en el ecosistema <\/p>  <\/div><\/div>[\/vc_column][vc_column width=&#8221;1\/4&#8243;]<div class=\"grve-element grve-box-icon grve-align-center\" style=\"\">  <div class=\"grve-icon grve-medium grve-simple grve-no-shape grve-color-primary-1 entypo-icon entypo-icon-login\"><\/div>  <div class=\"grve-box-content\"><h5 class=\"grve-box-title\"><span>BA\u00d1OS MOVILES<\/span><\/h5>    <p class=\"\">Contamos con unidades sanitarias<br \/>\nm\u00f3viles para un servicio profesional<br \/>\n<\/p>  <\/div><\/div>[\/vc_column][vc_column width=&#8221;1\/4&#8243;]<div class=\"grve-element grve-box-icon grve-align-center\" style=\"\">  <div class=\"grve-icon grve-medium grve-simple grve-no-shape grve-color-primary-1 entypo-icon entypo-icon-droplet\"><\/div>  <div class=\"grve-box-content\"><h5 class=\"grve-box-title\"><span>ASPIRADORA E HIDROLAVADO<\/span><\/h5>    <p class=\"\">Servicio de limpieza profunda<\/p>  <\/div><\/div>[\/vc_column][\/vc_row][vc_row bg_type=&#8221;image&#8221;][vc_column][vc_empty_space height=&#8221;52px&#8221;][\/vc_column][\/vc_row][vc_row][vc_column]<div class=\"grve-element grve-align-center\"><a class=\"grve-btn grve-btn-large grve-extra-round grve-bg-primary-1\" href=\"https:\/\/wa.me\/573007420792?text=Hola%20quiero%20Cotizar%20un%20servicio%20\" target=\"_blank\" style=\"\"><span>CONTRATAR AHORA<\/span><\/a><\/div>[\/vc_column][\/vc_row][vc_row][vc_column]<div class=\"grve-element grve-hr grve-line-divider\" style=\"\"><\/div>[\/vc_column][\/vc_row][vc_row][vc_column][vc_column_text]<\/p>\n<p style=\"text-align: justify;\">Cabe recordar que seg\u00fan el aforo y cantidad de ba\u00f1os Eco aseo recomendar\u00e1 la cantidad de operarios(as) que deben atender el servicio solicitado para cubrir todos los espacios y poder garantizar la realizaci\u00f3n de un excelente servicio brindando bienestar y limpieza a los espectadores y empresarios.<\/p>\n<p>[\/vc_column_text][\/vc_column][\/vc_row]<\/p>\n<\/section>","protected":false},"excerpt":{"rendered":"<p>[vc_row][vc_column width=&#8221;1\/2&#8243;][\/vc_column][vc_column width=&#8221;1\/2&#8243;][vc_column_text] Eco Aseo 360 empresa dedicada a la comercializaci\u00f3n de servicios de limpieza. La limpieza es fundamental en cualquier espacio de nuestro diario vivir, por este motivo fue creada Eco Aseo 360, para atender a nichos de mercado como; eventos de gran y peque\u00f1o formato, oficinas, viviendas entre otros. Esta actividad se vio [&hellip;]<\/p>\n","protected":false},"author":1,"featured_media":0,"parent":0,"menu_order":0,"comment_status":"closed","ping_status":"closed","template":"","meta":[],"_links":{"self":[{"href":"https:\/\/ecoaseo360.com\/index.php\/wp-json\/wp\/v2\/pages\/87"}],"collection":[{"href":"https:\/\/ecoaseo360.com\/index.php\/wp-json\/wp\/v2\/pages"}],"about":[{"href":"https:\/\/ecoaseo360.com\/index.php\/wp-json\/wp\/v2\/types\/page"}],"author":[{"embeddable":true,"href":"https:\/\/ecoaseo360.com\/index.php\/wp-json\/wp\/v2\/users\/1"}],"replies":[{"embeddable":true,"href":"https:\/\/ecoaseo360.com\/index.php\/wp-json\/wp\/v2\/comments?post=87"}],"version-history":[{"count":29,"href":"https:\/\/ecoaseo360.com\/index.php\/wp-json\/wp\/v2\/pages\/87\/revisions"}],"predecessor-version":[{"id":227,"href":"https:\/\/ecoaseo360.com\/index.php\/wp-json\/wp\/v2\/pages\/87\/revisions\/227"}],"wp:attachment":[{"href":"https:\/\/ecoaseo360.com\/index.php\/wp-json\/wp\/v2\/media?parent=87"}],"curies":[{"name":"wp","href":"https:\/\/api.w.org\/{rel}","templated":true}]}}